ne n(10).
122
Let y(d) = 47*d**2 - 427*d + 975. Give y(5).
15
Let k(y) = 2*y**3 + 304*y**2 - 330*y - 3321. What is k(-153)?
351
Let r(q) = 6989*q - 125882. What is r(18)?
-80
Let n(h) = -h**3 - 28*h**2 + 579*h - 438. Calculate n(-42).
-60
Let u(o) = 84033*o - 5210055. What is u(62)?
-9
Let f(t) = 88*t**2 - 6424*t + 24289. Give f(69).
1
Let a(c) = c**3 + 40*c**2 + 60*c + 713. Determine a(-39).
-106
Let s(k) = -134*k - 49974. Give s(-373).
8
Let r(q) = 20*q - 1811. Give r(33).
-1151
Let h(n) = 559*n + 150914. Calculate h(-270).
-16
Let y(t) = 2885*t**2 + 3237*t + 3237. What is y(-1)?
2885
Let m(q) = 8800*q + 4400028. Determine m(-500).
28
Let x(u) = 16*u**2 + 94*u - 114. Determine x(-10).
546
Let o(x) = 5*x**2 - 680*x + 710. Calculate o(136).
710
Let x(w) = -6*w**3 + 4*w**2 - 461*w + 30. Determine x(0).
30
Let r(m) = -21*m - 2830. Give r(-117).
-373
Let o(a) = -3*a**3 - 9*a**2 + 211*a + 48. Determine o(7).
55
Let b(g) = 1138954*g - 3416845. Give b(3).
17
Let a(l) = -4*l**2 - 5043*l - 53753. What is a(-1250)?
-3
Let n(q) = -3686*q**3 + 39*q - 39. What is n(1)?
-3686
Let o(s) = 12*s**2 + 1311*s - 8298. What is o(6)?
0
Let q(r) = 2*r**3 - 152*r**2 + 2854*r - 655. Give q(43).
33
Let t(v) = -v**2 + 1701*v + 220632. What is t(-121)?
170
Let s(b) = -1550*b + 9404. Calculate s(6).
104
Let c(r) = -3184*r - 70067. Calculate c(-22).
-19
Let k(p) = 5331*p + 394478. Calculate k(-74).
-16
Let t(c) = -430*c - 44587. What is t(-103)?
-297
Let g(q) = q**3 - 410*q**2 + 11406*q - 198. Calculate g(30).
-18
Let r(u) = 38013*u - 684016. Determine r(18).
218
Let r(g) = 8*g**3 + 30*g**2 - 5621*g - 16911. Give r(-3).
6
Let y(g) = 1131*g - 14400. Determine y(15).
2565
Let y(o) = -5*o**3 + 21*o**2 - 60*o + 32. Calculate y(2).
-44
Let x(q) = -30*q - 288. What is x(-26)?
492
Let y(g) = 2*g**3 + 338*g**2 - 1027*g + 902. Determine y(-172).
42
Let d(p) = -1972*p + 1559857. What is d(791)?
5
Let i(r) = -92*r**2 - 591*r - 46. Determine i(-5).
609
Let j(w) = -4*w**3 + 111*w**2 - 71*w - 241. What is j(27)?
29
Let v(f) = -f**3 + 1406*f**2 + 8486*f + 108. Give v(-6).
24
Let y(j) = -31*j**3 + 158*j**2 - 7*j + 8. What is y(5)?
48
Let y(j) = j**3 - 55*j**2 + 18*j + 4661. Determine y(53).
-3
Let j(t) = 2*t**2 + 978*t + 77223. What is j(-99)?
3
Let w(y) = -467*y + 12445. Calculate w(28).
-631
Let b(k) = -43*k**2 + 749*k - 1335. Determine b(2).
-9
Let r(i) = 2*i**2 - 5165*i + 143143. Calculate r(28).
91
Let q(k) = 2*k**3 + 124*k**2 + 675*k + 26093. Calculate q(-60).
-7
Let b(d) = -1160*d - 376. Determine b(0).
-376
Let x(z) = 92915*z + 2787459. Determine x(-30).
9
Let v(r) = 223*r**2 - 428*r - 865. What is v(-2)?
883
Let c(i) = -i**3 - 3*i**2 - 23555*i - 70658. Give c(-3).
7
Let s(w) = 22216*w + 66659. Give s(-3).
11
Let o(h) = -254194*h - 3558718. Give o(-14).
-2
Let o(d) = -150*d**3 - 210*d**2 + 3*d + 7. Calculate o(-3).
2158
Let w(n) = 451*n - 11326. Give w(25).
-51
Let u(a) = -66*a - 408. Determine u(-19).
846
Let f(m) = 2*m**3 + 98*m**2 - 487*m + 605. Give f(-54).
-2257
Let r(g) = -4*g**3 + 113*g + 767. Give r(-8).
1911
Let s(r) = 2*r**2 - 456*r + 9. Determine s(0).
9
Let a(r) = 2*r**3 + 175*r**2 + 1926*r - 146. Give a(-13).
-3
Let s(d) = -3*d**2 + d + 21752. Give s(-85).
-8
Let d(u) = -3*u**3 + u**2 - 4631*u - 23157. Determine d(-5).
398
Let d(f) = f**3 - 59*f**2 - 6766*f + 1168. Give d(-58).
8
Let o(w) = -12*w**2 - 1179*w - 5902. Give o(-5).
-307
Let m(n) = n**3 - 38*n**2 + 96*n + 1234. Give m(34).
-126
Let z(s) = s**3 - 9*s**2 - 4929*s + 34588. What is z(7)?
-13
Let b(a) = -182*a + 4096. Give b(22).
92
Let b(g) = -1251*g + 9357. What is b(8)?
-651
Let i(z) = -2*z**3 - 733*z**2 + 69892*z + 12009. Determine i(-445).
-6
Let i(b) = 774*b + 22645. What is i(-26)?
2521
Let m(c) = 701*c - 2378. Give m(4).
426
Let p(t) = -105*t**3 - 22*t - 26. Calculate p(-1).
101
Let l(y) = 25989*y + 701702. Determine l(-27).
-1
Let o(a) = -201*a**2 + 3626*a - 138. Determine o(18).
6
Let b(x) = x**3 + 108*x**2 + 189*x + 8747. Calculate b(-107).
-27
Let h(m) = m**2 - 52*m - 122. Give h(51).
-173
Let x(i) = 22*i**2 + 6153*i + 18251. What is x(-3)?
-10
Let z(b) = 7*b**2 + 9187*b - 662878. What is z(-1381)?
2
Let p(n) = -1820009*n + 67340327. Give p(37).
-6
Let q(v) = -v**3 - 14*v**2 + 310*v - 1055. What is q(-27)?
52
Let p(z) = -z**3 - 16*z**2 - 1485*z - 25497. Calculate p(-17).
37
Let z(a) = 17451*a - 34895. Determine z(2).
7
Let y(f) = 52*f**2 + 145*f - 9. Determine y(-5).
566
Let g(i) = -2*i**3 + 172*i**2 - 1261*i + 1036. Determine g(78).
22
Let i(w) = 66*w + 895. Give i(-14).
-29
Let o(y) = -y**3 + 27*y**2 - 6*y - 2680. Give o(21).
-160
Let w(o) = o**2 - 288*o - 39768. Calculate w(390).
12
Let g(a) = a**3 - 38*a**2 + 38*a - 328. Give g(37).
-291
Let i(b) = 1409*b + 357634. What is i(-254)?
-252
Let n(l) = -12087*l - 48293. Determine n(-4).
55
Let o(p) = -65*p**2 + 72*p + 563. Give o(-6).
-2209
Let o(k) = -14016*k - 560656. Give o(-40).
-16
Let h(j) = -326*j**2 + 375*j + 14. What is h(1)?
63
Let m(r) = r**2 - 2106*r + 715676. Calculate m(426).
-4
Let o(s) = -s**3 - 4*s**2 + 133*s. What is o(0)?
0
Let b(l) = -33474*l**2 + 200804*l + 254. Calculate b(6).
14
Let i(x) = -1056*x - 25217. Give i(-24).
127
Let b(o) = 9*o**2 - 4247*o + 12173. Determine b(469).
-21
Let t(u) = 4*u**2 - 119*u - 223. Determine t(22).
-905
Let p(b) = -15*b**2 + 5735*b - 7598. What is p(381)?
22
Let i(t) = -13889*t + 291795. What is i(21)?
126
Let k(p) = 23*p**3 + 1463*p**2 - 2079*p + 56. Determine k(-65).
-9
Let h(s) = s**3 + 29*s**2 - 156*s - 6613. Determine h(-24).
11
Let u(v) = 1746*v - 22257. What is u(13)?
441
Let v(k) = 4*k**2 + 1098*k + 70693. Give v(-103).
35
Let j(l) = 13*l**3 - 157*l**2 + 282*l - 3243. Calculate j(12).
-3
Let s(n) = 12*n**3 + 2*n**2 + 115*n + 115. Give s(-1).
-10
Let o(f) = f**3 + 11*f**2 + 49*f + 269. Give o(-9).
-10
Let m(d) = 1748*d - 255219. What is m(146)?
-11
Let b(p) = -96680*p + 32291115. What is b(334)?
-5
Let c(h) = 60463*h + 4171945. Give c(-69).
-2
Let y(d) = -4*d**2 + 305*d + 9992. Give y(101).
-7
Let c(v) = 3*v**2 - 2020*v - 93929. Determine c(717).
-2
Let n(a) = a**3 + 7*a**2 + 464*a + 1805. Calculate n(-4).
-3
Let g(n) = 107*n**2 - 3191*n + 22157. Give g(11).
3
Let z(c) = 22*c**2 - 2266*c - 27143. Determine z(-12).
3217
Let x(h) = h**2 - 13117*h + 379505. Give x(29).
-47
Let n(g) = 749*g + 53. Calculate n(-2).
-1445
Let n(u) = -u**2 + 398872*u + 18749192. Calculate n(-47).
-1
Let z(j) = -65*j**3 + 36*j**2 - 69*j + 8. Give z(2).
-506
Let j(y) = 19*y**3 + 22*y**2 + 14*y + 32. Calculate j(2).
300
Let s(l) = 89711*l + 6279776. What is s(-70)?
6
Let i(k) = -k**3 + 2027*k**2 + 406790*k - 6252. Determine i(-184).
4
Let l(s) = 241*s - 15613. Determine l(65).
52
Let b(z) = -15922*z + 127376. Give b(8).
0
Let a(y) = -2500466*y + 2500448. Determine a(1).
-18
Let p(a) = -10*a**2 - 1659*a - 1709. What is p(-165)?
-224
Let c(v) = -1431*v - 4700. Calculate c(-3).
-407
Let m(v) = -5*v**3 - 25*v**2 - 11*v + 27. Give m(-4).
-9
Let d(q) = 9*q**2 - 349*q + 3410. Determine d(22).
88
Let l(s) = -479*s**3 - 8*s**2 + 6*s + 2. Calculate l(1).
-479
Let b(v) = -4664*v + 18723. Determine b(4).
67
Let z(o) = o**3 + 18*o**2 + 141*o + 13. Determine z(-8).
-475
Let y(v) = 9*v**3 + 9*v**2 - 15*v - 237. Give y(-4).
-609
Let u(t) = -922*t - 65327. Calculate u(-71).
135
Let w(q) = 776*q - 24438. Calculate w(32).
394
Let t(g) = 873*g - 4820. Calculate t(7).
1291
Let c(d) = -654802*d + 4583614. Give c(7).
0
Let i(c) = 11086*c + 22179. Determine i(-2).
7
Let l(j) = j**2 + 277*j + 4615. Calculate l(-18).
-47
Let w(t) = t**3 - 80*t**2 - 475*t + 38000. What is w(80)?
0
Let d(f) = f**3 + 74*f**2 - 367*f - 16048. Calculate d(-76).
292
Let n(y) = -29389*y - 1234410. Determine n(-42).
-72
Let v(k) = -k**3 - 164*k**2 - 211*k - 7825. Determine v(-163).
-1
Let w(s) = -2268*s**2 + 2322*s + 67. Give w(1).
121
Let p(t) = t**2 + 412492*t - 23. Determine p(0).
-23
Let d(g) = 5549*g - 366317. Give d(66).
-83
Let u(m) = 93*m - 13963. Calculate u(151).
80
Let p(b) = -b**3 + 56*b**2 - 397*b + 581. Determine p(48).
-43
Let p(o) = -151*o + 986. Give p(3).
533
Let r(x) = -x**3 - 23*x**2 + 55*x + 1112. Determine r(-24).
368
Let l(k) = 11*k**2 + 1613*k + 7832. What is l(-5)?
42
Let x(p) = p**3 + 163*p**2 + 3207*p - 288. What is x(-23)?
11
Let k(j) 